- 1826 = 0. Is w composite?
False
Let z = -34 + 34. Suppose z = -22*r + 23*r - 5. Is -1 + 4 - (-32 + 0/r) a prime number?
False
Let b be (9/3)/(-1 + 0). Let v(z) = -180*z**2 - 21*z + 5. Let i(g) = -88*g**2 - 11*g + 2. Let a(k) = 5*i(k) - 3*v(k). Is a(b) composite?
True
Suppose n + 13397 = 5*c, -2*c + 0*c + 5369 = 3*n. Let g be -5*(-5)/(-5)*(-6)/5. Suppose -2*j + c = g*j. Is j a composite number?
True
Suppose -83*o + 8*o = -41475975. Is o a composite number?
False
Suppose 41*p - 40*p - 5*x = 157328, 2*p = -3*x + 314747. Is p a composite number?
False
Let b(l) = -241*l**3 + 20*l**2 + 27*l + 43. Is b(-12) prime?
True
Is (-122762232)/(-792) - (-2)/11 prime?
True
Suppose 6405802 = 5*k + b, 0 = 2*b - 489 + 495. Is k composite?
True
Let y(v) be the third derivative of -681*v**4/8 - 4*v**3/3 + 4*v**2 + v. Is y(-3) a prime number?
True
Let h(q) = 70*q**3 + q**2 + 2*q + 4. Let n = -12 + -15. Let o = n - -30. Is h(o) prime?
False
Let h(x) = -205*x - 2. Let u = 63 - 60. Suppose -3*y = -12, 3*j = 6*j - u*y + 21. Is h(j) prime?
True
Suppose 3*x = 8*x. Suppose -5*i - 5*v - 805 = -x*v, 0 = -4*v + 12. Let y = 363 + i. Is y composite?
False
Suppose 4*s - 3*k - 1135 - 1990 = 0, 5*k = 5*s - 3905. Suppose -o - 451 = -s. Is o a prime number?
True
Suppose -j - 2*l = -27981, -55968 = -2*j - 76*l + 71*l. Is j prime?
False
Suppose 16*n - 51 - 45 = 0. Suppose n*t - 41 + 5 = 0. Suppose t*i - i - 5435 = 0. Is i prime?
True
Let q(h) = -h + 116. Let t = 11 + -11. Let v be q(t). Suppose -v = 3*x - 5*i - 495, 248 = 2*x - i. Is x a composite number?
True
Let f(i) = 2341*i + 809. Is f(32) a prime number?
True
Let v(g) = -g**3 + 13*g**2 + 53*g - 42. Let t be v(16). Suppose -16124 = -t*s + 24422. Is s a composite number?
True
Let l = -74 - -8. Suppose -3*k + 7*k - 199 = a, 3*k = -6. Let n = l - a. Is n prime?
False
Let k(q) = 79*q - 45 - 170 + 68. Is k(8) prime?
False
Let w be (-130)/(-18) - (-2)/(-9). Suppose -d + 3*h - 7*h = -3818, 4*h + 15232 = 4*d. Suppose q + d = w*q. Is q composite?
True
Let j be 9 + -2 + (-5 - -3). Suppose j*a - 5*x - 30 = -0*x, -12 = -2*a - x. Suppose -a*p + 2014 = -440. Is p prime?
True
Is 11*(-10 + (-2 - (-311043)/33)) composite?
False
Suppose -3*z + z = 5*z. Let k(c) = 10*c**2 + 2*c + 5669. Is k(z) composite?
False
Let y(w) = 8274*w**3 - 2*w**2 - 12*w + 15. Is y(4) prime?
True
Let h(b) = -16138*b - 963. Is h(-25) prime?
True
Let j(f) = 2*f + 22. Let z be j(-11). Suppose z = 5*i + 33 - 13, 2*i + 5085 = o. Is o prime?
True
Suppose 5*i + 2*s - 134 = 0, -4*i - 3*s + 65 = -38. Suppose 4*c = 2*z - 6794, z - 27*c + i*c - 3406 = 0. Is z a prime number?
False
Let k(o) = 6*o**2 - 4*o - 3. Suppose -3*r = 2*x + 36 - 7, 4*x = 4*r - 8. Is k(x) prime?
False
Suppose -41*c = -33*c - 49376. Is (c - 13)*10/6 a composite number?
True
Let d = -102 + 82. Is ((-43434)/(-45))/((-8)/d) a prime number?
False
Suppose -3*v - v = -12. Suppose 3*m - m + 6 = 0, -6 = 3*w - v*m. Let a(k) = 47*k**2 + 5*k + 1. Is a(w) composite?
False
Let p(f) = 12*f + 1. Let u(r) = r + 1. Suppose -4*i + 5 = -y - 0*y, 4*y = -4. Let x(l) = i*p(l) - 5*u(l). Is x(1) composite?
False
Let m(r) = -8*r**3 + 10*r**2 - 32*r + 10. Let k be m(7). Let w = k - -4357. Is w a composite number?
False
Suppose 3*d - 584054 = -2*t, 0 = 127*t - 130*t + 2*d + 876055. Is t a composite number?
False
Let b(q) = -104*q + 113*q + 20 - 79. Let f be b(8). Suppose 0*y = f*y - 19123. Is y a composite number?
False
Is (-3)/(-4)*(-12386740)/(-579) composite?
True
Is (30/45)/(2/68793) composite?
True
Is (1875868/(-14))/(88/220 - (-24)/(-35)) a prime number?
True
Suppose 0 = -5*v - 0*v + 199667 + 300948. Is v a prime number?
False
Let n = 1036497 - 587936. Is n prime?
True
Let l(s) = 1349*s**2 + 31*s + 3. Is l(-6) composite?
True
Suppose 32604 = 2*t + 2*u - 28850, 2*u - 122908 = -4*t. Is t a prime number?
True
Let j(n) = 81*n**2 - 11*n + 397. Is j(55) prime?
False
Let a(y) be the second derivative of -2*y**3/3 - 5*y**2 + 16*y. Let p be a(-3). Suppose -2*r + 1789 - 136 = -5*g, -p*r + 1655 = -3*g. Is r a prime number?
True
Let a = -77 + 82. Suppose -3*c - 8422 = -2*o, -a*o = c - 18320 - 2701. Suppose -o - 1230 = -5*k. Is k composite?
False
Let v(u) = -15*u + 13. Let o be v(3). Let l be (-2 - o/10)/((-14)/35). Is 13/(-3)*(1 + 17)/l composite?
True
Let r(f) = 15*f**2 + 11*f - 3*f + 16 - 13. Is r(-10) composite?
False
Let d = 11884 + -4601. Is d a composite number?
False
Let x = -5357 + 1201. Let l = x - -17905. Is l prime?
False
Let c be (2 + 7)*(4/1 + -3). Suppose -c*s = -12*s + 34899. Is s a prime number?
True
Suppose -1403760 = -5*k + g, -66*k + 4*g = -69*k + 842279. Is k prime?
False
Suppose -4*n - 5*l + 1258558 = 0, -10*n + 6*n + 1258624 = -6*l. Is n a prime number?
False
Suppose 0 = -5*b - 5*o - 1 + 101, b - 5*o = -10. Is 1011/((-16)/(-5) - 3/b) a prime number?
True
Suppose 449*h - 169*h = -350*h + 95720310. Is h a composite number?
False
Let z = -620492 - -955903. Is z prime?
True
Let h(j) = -6*j - 85. Let m be h(-15). Suppose -m*v = -4*f + 10416, -5*f - 4*v - 2046 + 15107 = 0. Is f composite?
False
Suppose 404*l = 395*l + 180189. Is l composite?
False
Let k(m) be the third derivative of -13*m**4/24 + 47*m**3/3 - m**2 - 7. Is k(-23) composite?
True
Let h(p) be the second derivative of -p**3/3 + 3571*p**2/2 - p + 5. Is h(0) a prime number?
True
Let v be (-190)/(-70) + 2/7. Suppose -c + v*c - 4 = 0. Suppose -h + 663 = -4*z, 2*z = -0 + c. Is h a composite number?
True
Let s(r) be the first derivative of r**3/3 + 5*r**2 - 28*r + 24. Let n be s(-13). Suppose 2427 = -8*d + n*d. Is d a prime number?
True
Suppose -14*i + 4*i + 146580 = 0. Let d = i - 26068. Let a = -7587 - d. Is a prime?
True
Suppose 24805770 + 53927000 = 38*q. Is q a composite number?
True
Let d be 6/8 + -1 + (-47588)/(-16). Let y = d + 2121. Is y composite?
True
Is 1648363/9 + (380/36 - 11) a composite number?
False
Suppose 8*u = 13*u - 14775. Suppose -l - 4263 = -2*d, 11486 = 4*d - 3*l + u. Is d composite?
False
Let b(c) = c + 16. Let s be b(-14). Suppose 5305 = m - s*y + y, 0 = m + 5*y - 5305. Is m a prime number?
False
Let w = -13594 + 24873. Is w a prime number?
True
Suppose -2*y = -2*k + 7182, -14370 = 122*k - 126*k + y. Is k a composite number?
False
Let x be -3*10/6*20346/30. Let t = x + 4934. Is t a composite number?
False
Let y(x) = 23773*x**3 - x**2 + 1. Is y(1) a composite number?
False
Suppose 2*j + 2*j = -7*j + 506231. Is j composite?
False
Suppose 0 = 2*z + 4*c - 18074, -4*c + 27105 = -25*z + 28*z. Let f = 3708 + z. Is f a prime number?
True
Suppose 0 = -175*k + 5149263 + 7433062. Is k composite?
False
Let x be (-46)/69 - (-2)/(18/69). Suppose x*i - 25292 = -4299. Is i prime?
True
Suppose 34*l - 85*l + 3687555 = 0. Is l prime?
False
Let o(s) = -144*s + 3. Let d be o(13). Let g = -1253 - d. Suppose 0 = 6*a - g - 2774. Is a a prime number?
False
Let y be (-40)/30 + (-466)/(-3). Let z = y + 310. Suppose -4*h + z = -428. Is h composite?
False
Suppose -8192414 = 79*w - 182*w. Is w composite?
True
Suppose -4*c - 2*i = -5*i - 28, -c = 5*i - 7. Suppose 11*z = c*z + 12652. Is z prime?
True
Suppose 5*x = 2*v + 977718, 117*x - 4*v + 391068 = 119*x. Is x prime?
False
Suppose 396*m - 397*m = -2233. Suppose -14*r - m = -25*r. Is r a prime number?
False
Suppose -6*m = -w - 2*m + 1192, -2*m = 0. Let t = 2507 - w. Is t a prime number?
False
Suppose 208*y + 5073544 = 264*y. Is y prime?
True
Suppose -4*i = -3*y - 250, 2*i = 8*y - 6*y + 164. Is (-1)/(y/12) + 1015875/65 a prime number?
True
Let g be (6/(-8))/((-15)/(-290))*42. Let u = -289 - g. Let i = u - 161. Is i a composite number?
True
Suppose 0 = 39599*l - 39564*l - 19533815. Is l composite?
False
Let u be (-9)/2*676/(-39). Suppose 75*v - 9651 = u*v. Let s = 8412 + v. Is s composite?
True
Suppose 0 = 5*x - 14 - 1. Suppose x*p = 24*p - 57099. Is p prime?
True
Let c(w) = w**2 - 6*w - 2. Let x be c(8). Suppose 18 = -18*g + 15*g. Is g/7*x/(-4) - -3758 prime?
True
Suppose -2*q = w + 2*q - 7586, 5*w - 38050 = 4*q. Is w composite?
True
Let y(t) = -6*t**3 - 4*t**2 - 3*t - 1. Suppose -2*s - 5*a + 63 = 0, 2*a = -5*s - 0*s + 126. Let d = s + -28. Is y(d) a composite number?
False
Let f(o) = -29*o + 12. Suppose 5*q - 15 = 20*q. Let b be -9 + 6 - (-2 + 0)/q. Is f(b) a prime number?
True
Let c be 190/3 - 20/15. Let y = c + -64. Is -